reatest common factor of 14272 and 128?
64
What is the greatest common divisor of 14715 and 585?
45
Calculate the highest common divisor of 48037 and 484.
121
Calculate the greatest common divisor of 99 and 487839.
33
Calculate the highest common divisor of 672 and 436576.
224
What is the greatest common factor of 89044 and 452?
452
Calculate the highest common factor of 24153 and 1164.
291
What is the greatest common factor of 368 and 62224?
16
Calculate the highest common divisor of 4290 and 59070.
330
Calculate the greatest common divisor of 1035 and 339.
3
What is the highest common divisor of 80 and 1858?
2
Calculate the highest common factor of 650915 and 10.
5
What is the greatest common factor of 572 and 67254?
22
What is the greatest common divisor of 9761 and 16297?
43
Calculate the highest common factor of 3425 and 4175.
25
Calculate the highest common divisor of 406 and 21344.
58
What is the highest common factor of 7863 and 618?
3
What is the highest common factor of 994 and 7739?
71
What is the highest common divisor of 1958 and 2222?
22
Calculate the greatest common factor of 3480 and 498800.
1160
What is the greatest common factor of 10437 and 1869?
21
Calculate the highest common divisor of 884 and 14348.
68
What is the highest common factor of 528 and 9185?
11
What is the greatest common divisor of 441 and 783?
9
What is the greatest common factor of 96 and 7616?
32
Calculate the greatest common divisor of 4411605 and 22.
11
Calculate the greatest common divisor of 187150 and 6698.
394
Calculate the greatest common divisor of 9672 and 751440.
744
What is the greatest common factor of 1713914 and 106?
106
What is the highest common divisor of 15653 and 385?
11
Calculate the greatest common divisor of 106092 and 7812.
252
Calculate the greatest common divisor of 33308 and 132.
44
What is the greatest common divisor of 33669 and 1323?
27
Calculate the greatest common factor of 6603 and 3999.
93
What is the greatest common divisor of 5529376 and 268?
268
Calculate the greatest common divisor of 26215 and 107.
107
What is the highest common divisor of 648177 and 423?
141
Calculate the greatest common divisor of 4403 and 5624.
37
What is the greatest common divisor of 1778 and 2058?
14
Calculate the greatest common factor of 6636 and 588.
84
Calculate the greatest common divisor of 242 and 820138.
242
Calculate the highest common factor of 24 and 32456.
8
Calculate the highest common divisor of 67599 and 20461.
259
What is the greatest common factor of 64505 and 10430?
35
What is the highest common factor of 12 and 808662?
6
Calculate the greatest common factor of 1050 and 8880.
30
Calculate the greatest common factor of 14 and 8691382.
14
What is the greatest common divisor of 9664 and 64024?
1208
What is the highest common divisor of 73980 and 4860?
540
Calculate the greatest common divisor of 18 and 10864008.
18
What is the highest common factor of 52080 and 2511?
93
What is the greatest common divisor of 459 and 1393983?
459
What is the greatest common divisor of 126000 and 45?
45
Calculate the greatest common divisor of 1385 and 125.
5
What is the highest common divisor of 71550 and 300?
150
Calculate the highest common factor of 67947 and 2201.
71
What is the highest common factor of 2431884 and 84?
84
What is the highest common factor of 747 and 9576?
9
What is the greatest common divisor of 24722 and 470?
94
What is the highest common factor of 346275 and 15?
15
Calculate the greatest common factor of 9 and 10713.
3
What is the greatest common factor of 32 and 271796?
4
Calculate the greatest common factor of 33 and 107349.
33
Calculate the highest common factor of 542012 and 16.
4
What is the greatest common divisor of 14 and 254?
2
What is the greatest common divisor of 7417732 and 28?
28
What is the highest common divisor of 2296 and 7708?
164
What is the highest common divisor of 1130 and 20114?
226
Calculate the highest common factor of 44154 and 72.
18
What is the highest common divisor of 5 and 36930?
5
Calculate the greatest common divisor of 1441 and 2860.
11
What is the highest common factor of 26677 and 111?
37
Calculate the highest common factor of 78265 and 22.
11
Calculate the greatest common factor of 3755 and 2735.
5
What is the highest common divisor of 1272 and 25992?
24
Calculate the greatest common divisor of 9961 and 14.
7
What is the highest common divisor of 8558 and 4675?
11
What is the highest common factor of 23861 and 11819?
223
Calculate the greatest common divisor of 4662 and 2268.
126
What is the highest common factor of 5063 and 1037?
61
What is the greatest common factor of 14742 and 38556?
1134
Calculate the greatest common factor of 17328 and 22512.
48
Calculate the highest common divisor of 14659 and 749.
107
What is the highest common factor of 1161 and 2580?
129
What is the greatest common divisor of 1264912 and 44?
44
What is the greatest common divisor of 680 and 34136?
136
Calculate the highest common divisor of 101552 and 1078.
22
Calculate the greatest common factor of 10368 and 20088.
648
Calculate the greatest common factor of 104 and 223912.
104
Calculate the highest common divisor of 8153 and 33664.
263
What is the highest common divisor of 31464 and 1863?
207
Calculate the greatest common factor of 180035 and 45.
5
Calculate the highest common divisor of 1169 and 928.
1
What is the greatest common factor of 117 and 6192?
9
Calculate the highest common divisor of 74504 and 16.
8
What is the highest common divisor of 65895 and 6?
3
Calculate the highest common divisor of 235 and 125.
5
Calculate the greatest common factor of 1309 and 82621.
77
Calculate the greatest common factor of 50322 and 21.
3
What is the greatest common divisor of 28534 and 2?
2
What is the highest common divisor of 19033 and 21?
7
Calculate the highest common factor of 2286 and 15354.
18
What is the greatest common factor of 1157 and 8989?
89
Calculate the greatest common divisor of 136842 and 156.
6
Calculate the greatest common factor of 75692 and 254.
254
Calculate the greatest common factor of 1 and 6043.
1
What is the greatest common divisor of 709 and 497009?
709
What is the highest common divisor of 1098778 and 289?
289
What is the highest common factor of 549 and 6147?
9
Calculate the greatest common divisor of 60 and 265470.
30
What is the highest common divisor of 486812 and 136?
68
What is the greatest common factor of 15049 and 7897?
149
What is the greatest common divisor of 2312 and 1088?
136
What is the highest common divisor of 21703 and 451?
11
What is the greatest common divisor of 226455 and 465?
465
Calculate the highest common divisor of 36 and 549.
9
What is the highest common divisor of 23202 and 162?
18
Calculate the greatest common divisor of 4905 and 387.
9
Calculate the greatest common divisor of 2788 and 833.
17
Calculate the greatest common factor of 9 and 94182.
3
Calculate the highest common divisor of 13617 and 36.
9
Calculate the highest common divisor of 140 and 2388.
4
Calculate the greatest common factor of 731 and 11868.
43
Calculate the highest common factor of 2025 and 194.
1
What is the highest common factor of 456 and 18620?
76
Calculate the highest common divisor of 12195 and 470185.
1355
Calculate the highest common divisor of 176 and 240.
16
What is the highest common factor of 527448 and 120?
24
Calculate the greatest common factor of 108 and 859842.
54
What is the greatest common divisor of 50172 and 3182?
74
Calculate the greatest common divisor of 295 and 2832.
59
Calculate the highest common factor of 45 and 255105.
45
Calculate the greatest common factor of 1032325 and 7.
7
What is the highest common divisor of 839 and 6165811?
839
Calculate the greatest common factor of 408 and 13176.
24
Calculate the highest common divisor of 245176 and 152.
152
What is the highest common divisor of 2448 and 340?
68
What is the highest common divisor of 4870144 and 128?
128
Calculate the greatest common factor of 1200 and 3992000.
400
Calculate the greatest common factor of 798 and 30058.
266
Calculate the highest common factor of 67823 and 721.
7
What is the highest common factor of 2937 and 660?
33
Calculate the highest common factor of 104854 and 1957.
103
Calcula